{"id":53,"date":"2020-02-25T08:21:38","date_gmt":"2020-02-25T07:21:38","guid":{"rendered":"https:\/\/kfubmergcklghubvdfjuufjkczujkg.kh-freiburg.de\/?page_id=53"},"modified":"2020-07-03T15:48:12","modified_gmt":"2020-07-03T13:48:12","slug":"projektpartner","status":"publish","type":"page","link":"https:\/\/www.teilhabedigital.de\/index.php\/projektpartner\/","title":{"rendered":"PROJEKTPARTNER"},"content":{"rendered":"\n<div class=\"wp-block-group alignwide\"><div class=\"wp-block-group__inner-container is-layout-flow wp-block-group-is-layout-flow\">\n<div class=\"wp-block-group\"><div class=\"wp-block-group__inner-container is-layout-flow wp-block-group-is-layout-flow\">\n<div class=\"wp-block-image\"><figure class=\"aligncenter size-large is-resized\"><img loading=\"lazy\" decoding=\"async\" src=\"https:\/\/kfubmergcklghubvdfjuufjkczujkg.kh-freiburg.de\/wp-content\/uploads\/2020\/02\/caritas-doppellogo-gross.png\" alt=\"\" class=\"wp-image-167\" width=\"277\" height=\"92\" srcset=\"https:\/\/www.teilhabedigital.de\/wp-content\/uploads\/2020\/02\/caritas-doppellogo-gross.png 532w, https:\/\/www.teilhabedigital.de\/wp-content\/uploads\/2020\/02\/caritas-doppellogo-gross-300x99.png 300w\" sizes=\"auto, (max-width: 277px) 100vw, 277px\" \/><\/figure><\/div>\n\n\n\n<p class=\"has-text-align-center\">Das Haus St. Konrad im Caritasverband Freiburg-Stadt e.V ist eines von 13 Wohnh\u00e4usern f\u00fcr 84 Menschen mit Mehrfach- und\/oder sog. geistiger Behinderung in sieben Wohngruppen. Die Ambulanten Dienste beim Caritasverband Freiburg-Stadt e.V. unterst\u00fctzt Menschen mit Behinderungen ambulant nach Bedarf, u.a. bei der Vorbereitung auf einen neuen Lebensabschnitt, z.B. auf ein unabh\u00e4ngigeres Leben in ambulanten Wohnangeboten. Zus\u00e4tzlich hilft ein offener Treff den Menschen, die Freizeit eigenbestimmt zu gestalten. Im Rahmen des Projekts strebt der Caritas-Verband Freiburg-Stadt die F\u00f6rderung der selbstbestimmten Teilhabe von Menschen mit Behinderungen an (ausgew\u00e4hlten) Lebensbereichen durch Einsatz von teilhabef\u00f6rdernder Technik sowohl personenzentriert als auch gemeinwesenorientiert f\u00fcr die Erm\u00f6glichung der Inklusion an.<\/p>\n\n\n\n<div style=\"height:20px\" aria-hidden=\"true\" class=\"wp-block-spacer\"><\/div>\n\n\n\n<div class=\"wp-block-button aligncenter\"><a class=\"wp-block-button__link has-text-color has-white-color has-background has-header-gradient-background-color\" href=\"https:\/\/www.caritas-freiburg.de\" style=\"border-radius:8px\" target=\"_blank\" rel=\"noreferrer noopener\">ZUR WEBSITE<\/a><\/div>\n<\/div><\/div>\n<\/div><\/div>\n\n\n\n<div style=\"height:100px\" aria-hidden=\"true\" class=\"wp-block-spacer\"><\/div>\n\n\n\n<div class=\"wp-block-group alignwide\"><div class=\"wp-block-group__inner-container is-layout-flow wp-block-group-is-layout-flow\">\n<div class=\"wp-block-group\"><div class=\"wp-block-group__inner-container is-layout-flow wp-block-group-is-layout-flow\">\n<div class=\"wp-block-image\"><figure class=\"aligncenter size-large is-resized\"><img loading=\"lazy\" decoding=\"async\" src=\"https:\/\/kfubmergcklghubvdfjuufjkczujkg.kh-freiburg.de\/wp-content\/uploads\/2020\/02\/Lautenbach_Logo.png\" alt=\"\" class=\"wp-image-168\" width=\"305\" height=\"113\" srcset=\"https:\/\/www.teilhabedigital.de\/wp-content\/uploads\/2020\/02\/Lautenbach_Logo.png 450w, https:\/\/www.teilhabedigital.de\/wp-content\/uploads\/2020\/02\/Lautenbach_Logo-300x111.png 300w\" sizes=\"auto, (max-width: 305px) 100vw, 305px\" \/><\/figure><\/div>\n\n\n\n<p class=\"has-text-align-center\">Die Lebens- und Arbeitsgemeinschaft Lautenbach e.V. ist eine nach anthroposophischen Gesichtspunkten gef\u00fchrte Einrichtung der Behindertenhilfe, in der ca. 200 Menschen mit Assistenzbedarf in Wohngruppen leben und das sonderp\u00e4dagogische Bildungs- und Beratungszentrum mit Schwerpunkt Geistige Entwicklung am Ort Lautenbach besuchen oder in handwerklich orientierten Werkst\u00e4tten arbeiten. Im Projekt strebt die Lebensgemeinschaft Lautenbach an, neue Ans\u00e4tze zur F\u00f6rderung der Teilhabe von Menschen mit Behinderungen zu erschlie\u00dfen und praktisch-organisatorische L\u00f6sungen und Prozesse f\u00fcr eine nachhaltige Techniknutzung zur F\u00f6rderung der Teilhabe zu entwickeln.<\/p>\n\n\n\n<div style=\"height:20px\" aria-hidden=\"true\" class=\"wp-block-spacer\"><\/div>\n\n\n\n<div class=\"wp-block-button aligncenter\"><a class=\"wp-block-button__link has-text-color has-white-color has-background has-header-gradient-background-color\" href=\"https:\/\/lautenbach-ev.de\" style=\"border-radius:8px\" target=\"_blank\" rel=\"noreferrer noopener\">ZUR WEBSITE<\/a><\/div>\n<\/div><\/div>\n<\/div><\/div>\n\n\n\n<div style=\"height:100px\" aria-hidden=\"true\" class=\"wp-block-spacer\"><\/div>\n\n\n\n<div class=\"wp-block-group alignwide\"><div class=\"wp-block-group__inner-container is-layout-flow wp-block-group-is-layout-flow\">\n<div class=\"wp-block-group\"><div class=\"wp-block-group__inner-container is-layout-flow wp-block-group-is-layout-flow\">\n<div class=\"wp-block-image\"><figure class=\"aligncenter size-large is-resized\"><img loading=\"lazy\" decoding=\"async\" src=\"https:\/\/kfubmergcklghubvdfjuufjkczujkg.kh-freiburg.de\/wp-content\/uploads\/2020\/02\/logo-st-josefshaus-550.jpg\" alt=\"\" class=\"wp-image-170\" width=\"232\" height=\"100\" srcset=\"https:\/\/www.teilhabedigital.de\/wp-content\/uploads\/2020\/02\/logo-st-josefshaus-550.jpg 550w, https:\/\/www.teilhabedigital.de\/wp-content\/uploads\/2020\/02\/logo-st-josefshaus-550-300x129.jpg 300w\" sizes=\"auto, (max-width: 232px) 100vw, 232px\" \/><\/figure><\/div>\n\n\n\n<p class=\"has-text-align-center\">Das St. Josefshaus Herten begleitet zur Zeit rund 2400 Menschen mit Behinderungen und Menschen im Alter an mehreren Standorten im s\u00fcdbadischen Raum. Das Angebot umfasst station\u00e4re und ambulante Wohnangebote, Werkst\u00e4tten, F\u00f6rder- und Betreuungsbereiche, Sonderschuleinrichtungen, sowie Integrationsunternehmen und Fachdienste. Mit der Teilnahme am Projekt strebt der Partner eine Erh\u00f6hung der Selbstbestimmung und Selbstst\u00e4ndigkeit von Menschen mit Behinderungen sowie ihrer Teilhabem\u00f6glichkeiten am Leben in der Gesellschaft an. <\/p>\n\n\n\n<div style=\"height:20px\" aria-hidden=\"true\" class=\"wp-block-spacer partnerbutton\"><\/div>\n\n\n\n<div class=\"wp-block-button aligncenter\"><a class=\"wp-block-button__link has-text-color has-white-color has-background has-header-gradient-background-color\" href=\"http:\/\/www.sankt-josefshaus.de\" style=\"border-radius:8px\" target=\"_blank\" rel=\"noreferrer noopener\">ZUR WEBSITE<\/a><\/div>\n<\/div><\/div>\n<\/div><\/div>\n\n\n\n<div style=\"height:100px\" aria-hidden=\"true\" class=\"wp-block-spacer\"><\/div>\n","protected":false},"excerpt":{"rendered":"<p>Das Haus St. Konrad im Caritasverband Freiburg-Stadt e.V ist eines von 13 Wohnh\u00e4usern f\u00fcr 84 Menschen mit Mehrfach- und\/oder sog. geistiger Behinderung in sieben Wohngruppen. Die Ambulanten Dienste beim Caritasverband Freiburg-Stadt e.V. unterst\u00fctzt Menschen mit Behinderungen ambulant nach Bedarf, u.a. bei der Vorbereitung auf einen neuen Lebensabschnitt, z.B. auf ein [&hellip;]<\/p>\n","protected":false},"author":8,"featured_media":589,"parent":0,"menu_order":0,"comment_status":"closed","ping_status":"closed","template":"","meta":{"footnotes":""},"class_list":["post-53","page","type-page","status-publish","has-post-thumbnail","hentry"],"_links":{"self":[{"href":"https:\/\/www.teilhabedigital.de\/index.php\/wp-json\/wp\/v2\/pages\/53","targetHints":{"allow":["GET"]}}],"collection":[{"href":"https:\/\/www.teilhabedigital.de\/index.php\/wp-json\/wp\/v2\/pages"}],"about":[{"href":"https:\/\/www.teilhabedigital.de\/index.php\/wp-json\/wp\/v2\/types\/page"}],"author":[{"embeddable":true,"href":"https:\/\/www.teilhabedigital.de\/index.php\/wp-json\/wp\/v2\/users\/8"}],"replies":[{"embeddable":true,"href":"https:\/\/www.teilhabedigital.de\/index.php\/wp-json\/wp\/v2\/comments?post=53"}],"version-history":[{"count":22,"href":"https:\/\/www.teilhabedigital.de\/index.php\/wp-json\/wp\/v2\/pages\/53\/revisions"}],"predecessor-version":[{"id":540,"href":"https:\/\/www.teilhabedigital.de\/index.php\/wp-json\/wp\/v2\/pages\/53\/revisions\/540"}],"wp:featuredmedia":[{"embeddable":true,"href":"https:\/\/www.teilhabedigital.de\/index.php\/wp-json\/wp\/v2\/media\/589"}],"wp:attachment":[{"href":"https:\/\/www.teilhabedigital.de\/index.php\/wp-json\/wp\/v2\/media?parent=53"}],"curies":[{"name":"wp","href":"https:\/\/api.w.org\/{rel}","templated":true}]}}

<div class="wp-block-group alignwide"><div class="wp-block-group__inner-container is-layout-flow wp-block-group-is-layout-flow">
<div class="wp-block-group"><div class="wp-block-group__inner-container is-layout-flow wp-block-group-is-layout-flow">
<div class="wp-block-image"><figure class="aligncenter size-large is-resized"><img loading="lazy" decoding="async" src="https://kfubmergcklghubvdfjuufjkczujkg.kh-freiburg.de/wp-content/uploads/2020/02/caritas-doppellogo-gross.png" alt="" class="wp-image-167" width="277" height="92" srcset="https://www.teilhabedigital.de/wp-content/uploads/2020/02/caritas-doppellogo-gross.png 532w, https://www.teilhabedigital.de/wp-content/uploads/2020/02/caritas-doppellogo-gross-300x99.png 300w" sizes="auto, (max-width: 277px) 100vw, 277px" /></figure></div>



<p class="has-text-align-center">Das Haus St. Konrad im Caritasverband Freiburg-Stadt e.V ist eines von 13 Wohnhäusern für 84 Menschen mit Mehrfach- und/oder sog. geistiger Behinderung in sieben Wohngruppen. Die Ambulanten Dienste beim Caritasverband Freiburg-Stadt e.V. unterstützt Menschen mit Behinderungen ambulant nach Bedarf, u.a. bei der Vorbereitung auf einen neuen Lebensabschnitt, z.B. auf ein unabhängigeres Leben in ambulanten Wohnangeboten. Zusätzlich hilft ein offener Treff den Menschen, die Freizeit eigenbestimmt zu gestalten. Im Rahmen des Projekts strebt der Caritas-Verband Freiburg-Stadt die Förderung der selbstbestimmten Teilhabe von Menschen mit Behinderungen an (ausgewählten) Lebensbereichen durch Einsatz von teilhabefördernder Technik sowohl personenzentriert als auch gemeinwesenorientiert für die Ermöglichung der Inklusion an.</p>



<div style="height:20px" aria-hidden="true" class="wp-block-spacer"></div>



<div class="wp-block-button aligncenter"><a class="wp-block-button__link has-text-color has-white-color has-background has-header-gradient-background-color" href="https://www.caritas-freiburg.de" style="border-radius:8px" target="_blank" rel="noreferrer noopener">ZUR WEBSITE</a></div>
</div></div>
</div></div>



<div style="height:100px" aria-hidden="true" class="wp-block-spacer"></div>



<div class="wp-block-group alignwide"><div class="wp-block-group__inner-container is-layout-flow wp-block-group-is-layout-flow">
<div class="wp-block-group"><div class="wp-block-group__inner-container is-layout-flow wp-block-group-is-layout-flow">
<div class="wp-block-image"><figure class="aligncenter size-large is-resized"><img loading="lazy" decoding="async" src="https://kfubmergcklghubvdfjuufjkczujkg.kh-freiburg.de/wp-content/uploads/2020/02/Lautenbach_Logo.png" alt="" class="wp-image-168" width="305" height="113" srcset="https://www.teilhabedigital.de/wp-content/uploads/2020/02/Lautenbach_Logo.png 450w, https://www.teilhabedigital.de/wp-content/uploads/2020/02/Lautenbach_Logo-300x111.png 300w" sizes="auto, (max-width: 305px) 100vw, 305px" /></figure></div>



<p class="has-text-align-center">Die Lebens- und Arbeitsgemeinschaft Lautenbach e.V. ist eine nach anthroposophischen Gesichtspunkten geführte Einrichtung der Behindertenhilfe, in der ca. 200 Menschen mit Assistenzbedarf in Wohngruppen leben und das sonderpädagogische Bildungs- und Beratungszentrum mit Schwerpunkt Geistige Entwicklung am Ort Lautenbach besuchen oder in handwerklich orientierten Werkstätten arbeiten. Im Projekt strebt die Lebensgemeinschaft Lautenbach an, neue Ansätze zur Förderung der Teilhabe von Menschen mit Behinderungen zu erschließen und praktisch-organisatorische Lösungen und Prozesse für eine nachhaltige Techniknutzung zur Förderung der Teilhabe zu entwickeln.</p>



<div style="height:20px" aria-hidden="true" class="wp-block-spacer"></div>



<div class="wp-block-button aligncenter"><a class="wp-block-button__link has-text-color has-white-color has-background has-header-gradient-background-color" href="https://lautenbach-ev.de" style="border-radius:8px" target="_blank" rel="noreferrer noopener">ZUR WEBSITE</a></div>
</div></div>
</div></div>



<div style="height:100px" aria-hidden="true" class="wp-block-spacer"></div>



<div class="wp-block-group alignwide"><div class="wp-block-group__inner-container is-layout-flow wp-block-group-is-layout-flow">
<div class="wp-block-group"><div class="wp-block-group__inner-container is-layout-flow wp-block-group-is-layout-flow">
<div class="wp-block-image"><figure class="aligncenter size-large is-resized"><img loading="lazy" decoding="async" src="https://kfubmergcklghubvdfjuufjkczujkg.kh-freiburg.de/wp-content/uploads/2020/02/logo-st-josefshaus-550.jpg" alt="" class="wp-image-170" width="232" height="100" srcset="https://www.teilhabedigital.de/wp-content/uploads/2020/02/logo-st-josefshaus-550.jpg 550w, https://www.teilhabedigital.de/wp-content/uploads/2020/02/logo-st-josefshaus-550-300x129.jpg 300w" sizes="auto, (max-width: 232px) 100vw, 232px" /></figure></div>



<p class="has-text-align-center">Das St. Josefshaus Herten begleitet zur Zeit rund 2400 Menschen mit Behinderungen und Menschen im Alter an mehreren Standorten im südbadischen Raum. Das Angebot umfasst stationäre und ambulante Wohnangebote, Werkstätten, Förder- und Betreuungsbereiche, Sonderschuleinrichtungen, sowie Integrationsunternehmen und Fachdienste. Mit der Teilnahme am Projekt strebt der Partner eine Erhöhung der Selbstbestimmung und Selbstständigkeit von Menschen mit Behinderungen sowie ihrer Teilhabemöglichkeiten am Leben in der Gesellschaft an. </p>



<div style="height:20px" aria-hidden="true" class="wp-block-spacer partnerbutton"></div>



<div class="wp-block-button aligncenter"><a class="wp-block-button__link has-text-color has-white-color has-background has-header-gradient-background-color" href="http://www.sankt-josefshaus.de" style="border-radius:8px" target="_blank" rel="noreferrer noopener">ZUR WEBSITE</a></div>
</div></div>
</div></div>



<div style="height:100px" aria-hidden="true" class="wp-block-spacer"></div>

<p>Das Haus St. Konrad im Caritasverband Freiburg-Stadt e.V ist eines von 13 Wohnhäusern für 84 Menschen mit Mehrfach- und/oder sog. geistiger Behinderung in sieben Wohngruppen. Die Ambulanten Dienste beim Caritasverband Freiburg-Stadt e.V. unterstützt Menschen mit Behinderungen ambulant nach Bedarf, u.a. bei der Vorbereitung auf einen neuen Lebensabschnitt, z.B. auf ein [&hellip;]</p>
