{"id":2,"date":"2020-02-11T16:09:08","date_gmt":"2020-02-11T15:09:08","guid":{"rendered":"http:\/\/10.2.1.21\/?page_id=2"},"modified":"2025-03-07T15:53:39","modified_gmt":"2025-03-07T14:53:39","slug":"start","status":"publish","type":"page","link":"https:\/\/www.teilhabedigital.de\/","title":{"rendered":"AKTUELLES"},"content":{"rendered":"\n<p class=\"has-text-align-center\"><\/p>\n\n\n\n<blockquote class=\"wp-block-quote is-layout-flow wp-block-quote-is-layout-flow\">\n<p>Das Projekt Teilhabe Digital wurde am 30.04.2024 erfolgreich abgeschlossen. Wir m\u00f6chten diese Gelegenheit nutzen, um unseren aufrichtigen Dank an alle Projektpartner*innen auszusprechen. Ein besonderer Dank gilt den Menschen mit intellektuellen Behinderungen, die \u00fcber die vergangenen Jahre an diesem Projekt teilgenommen haben. Wir sind dankbar f\u00fcr Ihre wertvolle Unterst\u00fctzung und hoffen, dass die erzielten Fortschritte weiterhin positive Auswirkungen haben werden.<\/p>\n\n\n\n<p>F\u00fcr Fragen oder Informationen erreichen Sie uns weiterhin unter <strong><a>info@teilhabedigital.de<\/a><\/strong><\/p>\n<cite><em>Das Team von Teilhabe Digital <\/em> <\/cite><\/blockquote>\n\n\n\n<div style=\"height:100px\" aria-hidden=\"true\" class=\"wp-block-spacer\"><\/div>\n\n\n\n<p><\/p>\n\n\n\n<p class=\"has-text-align-center has-text-color\" style=\"color:#3c4858;font-size:19px\">Unter dem Projekttitel <strong>Teilhabe Digital<\/strong> haben sich die Katholische Hochschule Freiburg, die Hochschule Furtwangen sowie die Hochschule Karlsruhe mit dem Caritas Bundesverband Behindertenhilfe und Psychiatrie, dem Caritasverband Freiburg-Stadt , der Lebens- und Arbeitsgemeinschaft Lautenbach sowie dem Sankt-Josefshaus Herten zu einem Verbund zusammengeschlossen, um den Einsatz moderner Technologien zu erforschen, der die gesellschaftlichen Teilhabem\u00f6glichkeiten von Menschen mit intellektuellen Behinderungen steigern kann.<\/p>\n\n\n\n<p><\/p>\n\n\n\n<p><\/p>\n\n\n\n<p class=\"has-text-align-center\"><\/p>\n\n\n\n<div style=\"height:30px\" aria-hidden=\"true\" class=\"wp-block-spacer\"><\/div>\n\n\n\n<div class=\"wp-block-button aligncenter\"><a class=\"wp-block-button__link has-header-gradient-background-color has-background wp-element-button\" href=\"https:\/\/teilhabedigital.de\/index.php\/das-projekt\/\" style=\"border-radius:8px\">MEHR ZUM PROJEKT<\/a><\/div>\n\n\n\n<div style=\"height:10px\" aria-hidden=\"true\" class=\"wp-block-spacer\"><\/div>\n\n\n\n<div class=\"wp-block-buttons is-content-justification-center is-layout-flex wp-container-core-buttons-is-layout-a89b3969 wp-block-buttons-is-layout-flex\">\n<div class=\"wp-block-button\"><a class=\"wp-block-button__link has-header-gradient-background-color has-background wp-element-button\" href=\"https:\/\/www.teilhabedigital.de\/index.php\/das-projekt\/leichte-sprache\/\" style=\"border-radius:8px\">DAS PROJEKT IN LEICHTER SPRACHE<\/a><\/div>\n<\/div>\n\n\n\n<p class=\"has-text-align-center\" style=\"font-size:19px\"><\/p>\n","protected":false},"excerpt":{"rendered":"<p>Das Projekt Teilhabe Digital wurde am 30.04.2024 erfolgreich abgeschlossen. Wir m\u00f6chten diese Gelegenheit nutzen, um unseren aufrichtigen Dank an alle Projektpartner*innen auszusprechen. Ein besonderer Dank gilt den Menschen mit intellektuellen Behinderungen, die \u00fcber die vergangenen Jahre an diesem Projekt teilgenommen haben. Wir sind dankbar f\u00fcr Ihre wertvolle Unterst\u00fctzung und hoffen, [&hellip;]<\/p>\n","protected":false},"author":12,"featured_media":0,"parent":0,"menu_order":0,"comment_status":"closed","ping_status":"open","template":"","meta":{"footnotes":""},"class_list":["post-2","page","type-page","status-publish","hentry"],"_links":{"self":[{"href":"https:\/\/www.teilhabedigital.de\/index.php\/wp-json\/wp\/v2\/pages\/2","targetHints":{"allow":["GET"]}}],"collection":[{"href":"https:\/\/www.teilhabedigital.de\/index.php\/wp-json\/wp\/v2\/pages"}],"about":[{"href":"https:\/\/www.teilhabedigital.de\/index.php\/wp-json\/wp\/v2\/types\/page"}],"author":[{"embeddable":true,"href":"https:\/\/www.teilhabedigital.de\/index.php\/wp-json\/wp\/v2\/users\/12"}],"replies":[{"embeddable":true,"href":"https:\/\/www.teilhabedigital.de\/index.php\/wp-json\/wp\/v2\/comments?post=2"}],"version-history":[{"count":50,"href":"https:\/\/www.teilhabedigital.de\/index.php\/wp-json\/wp\/v2\/pages\/2\/revisions"}],"predecessor-version":[{"id":1727,"href":"https:\/\/www.teilhabedigital.de\/index.php\/wp-json\/wp\/v2\/pages\/2\/revisions\/1727"}],"wp:attachment":[{"href":"https:\/\/www.teilhabedigital.de\/index.php\/wp-json\/wp\/v2\/media?parent=2"}],"curies":[{"name":"wp","href":"https:\/\/api.w.org\/{rel}","templated":true}]}}

<p class="has-text-align-center"></p>



<blockquote class="wp-block-quote is-layout-flow wp-block-quote-is-layout-flow">
<p>Das Projekt Teilhabe Digital wurde am 30.04.2024 erfolgreich abgeschlossen. Wir möchten diese Gelegenheit nutzen, um unseren aufrichtigen Dank an alle Projektpartner*innen auszusprechen. Ein besonderer Dank gilt den Menschen mit intellektuellen Behinderungen, die über die vergangenen Jahre an diesem Projekt teilgenommen haben. Wir sind dankbar für Ihre wertvolle Unterstützung und hoffen, dass die erzielten Fortschritte weiterhin positive Auswirkungen haben werden.</p>



<p>Für Fragen oder Informationen erreichen Sie uns weiterhin unter <strong><a>info@teilhabedigital.de</a></strong></p>
<cite><em>Das Team von Teilhabe Digital </em> </cite></blockquote>



<div style="height:100px" aria-hidden="true" class="wp-block-spacer"></div>



<p></p>



<p class="has-text-align-center has-text-color" style="color:#3c4858;font-size:19px">Unter dem Projekttitel <strong>Teilhabe Digital</strong> haben sich die Katholische Hochschule Freiburg, die Hochschule Furtwangen sowie die Hochschule Karlsruhe mit dem Caritas Bundesverband Behindertenhilfe und Psychiatrie, dem Caritasverband Freiburg-Stadt , der Lebens- und Arbeitsgemeinschaft Lautenbach sowie dem Sankt-Josefshaus Herten zu einem Verbund zusammengeschlossen, um den Einsatz moderner Technologien zu erforschen, der die gesellschaftlichen Teilhabemöglichkeiten von Menschen mit intellektuellen Behinderungen steigern kann.</p>



<p></p>



<p></p>



<p class="has-text-align-center"></p>



<div style="height:30px" aria-hidden="true" class="wp-block-spacer"></div>



<div class="wp-block-button aligncenter"><a class="wp-block-button__link has-header-gradient-background-color has-background wp-element-button" href="https://teilhabedigital.de/index.php/das-projekt/" style="border-radius:8px">MEHR ZUM PROJEKT</a></div>



<div style="height:10px" aria-hidden="true" class="wp-block-spacer"></div>



<div class="wp-block-buttons is-content-justification-center is-layout-flex wp-container-core-buttons-is-layout-a89b3969 wp-block-buttons-is-layout-flex">
<div class="wp-block-button"><a class="wp-block-button__link has-header-gradient-background-color has-background wp-element-button" href="https://www.teilhabedigital.de/index.php/das-projekt/leichte-sprache/" style="border-radius:8px">DAS PROJEKT IN LEICHTER SPRACHE</a></div>
</div>



<p class="has-text-align-center" style="font-size:19px"></p>

<p>Das Projekt Teilhabe Digital wurde am 30.04.2024 erfolgreich abgeschlossen. Wir möchten diese Gelegenheit nutzen, um unseren aufrichtigen Dank an alle Projektpartner*innen auszusprechen. Ein besonderer Dank gilt den Menschen mit intellektuellen Behinderungen, die über die vergangenen Jahre an diesem Projekt teilgenommen haben. Wir sind dankbar für Ihre wertvolle Unterstützung und hoffen, [&hellip;]</p>
