{"id":102,"date":"2020-02-25T14:10:13","date_gmt":"2020-02-25T13:10:13","guid":{"rendered":"https:\/\/kfubmergcklghubvdfjuufjkczujkg.kh-freiburg.de\/?page_id=102"},"modified":"2024-06-05T20:19:23","modified_gmt":"2024-06-05T18:19:23","slug":"impressum","status":"publish","type":"page","link":"https:\/\/www.teilhabedigital.de\/index.php\/impressum\/","title":{"rendered":"IMPRESSUM"},"content":{"rendered":"\n<h5 class=\"wp-block-heading\">Herausgeber<\/h5>\n\n\n\n<p>Anbieter dieser Internetpr\u00e4senz im Rechtssinne ist die <\/p>\n\n\n\n<p>Katholische Hochschule Freiburg gGmbH<\/p>\n\n\n\n<p>Sitz der Gesellschaft: Freiburg i.Br.<br>Handelsregister: Amtsgericht Freiburg HRB 891<br>Umsatzsteuer-Nr.: 06471\/6018<\/p>\n\n\n\n<p>Vertreten durch die Gesch\u00e4ftsf\u00fchrung:<\/p>\n\n\n\n<p>Rektorin Prof. Dr. Stephanie Bohlen und Kanzler Martin Kraft<\/p>\n\n\n\n<h5 class=\"wp-block-heading\">Adresse<\/h5>\n\n\n\n<p><strong>Katholische Hochschule Freiburg<\/strong><br>staatlich anerkannte Hochschule<br>Catholic University of Applied Sciences Freiburg<br>Karlstra\u00dfe 63<br>79104 Freiburg<\/p>\n\n\n\n<h5 class=\"wp-block-heading\">Kontakt<\/h5>\n\n\n\n<p>Prof. Dr. Gregor Renner<\/p>\n\n\n\n<p><a href=\"mailto:info@teilhabedigital.de\">info@teilhabedigital.de<\/a><\/p>\n\n\n\n<h5 class=\"wp-block-heading\">Fotos<\/h5>\n\n\n\n<p>Die Urheberrechte aller auf dieser Website verwendeten Fotografien liegen &#8211; sofern nicht anders gekennzeichnet &#8211; bei der Katholischen Hochschule Freiburg (Prof. Dr. Gregor Renner, Prof. Dr. Florian Kiuppis, Laura Denise L\u00f6we, Verena Wahl), der Hochschule Karlsruhe (Prof. Dr. Matthias W\u00f6lfel, Melinda Braun) und der Hochschule Furtwangen (Prof. Dr. Christophe Kunze, Christian Menschik).<br>Anfragen richten Sie bitte an <a href=\"mailto:info@teilhabedigital.de\">info@teilhabedigital.de<\/a>.<\/p>\n\n\n\n<p>Bilder auf den Internet-Seiten in Einfacher Sprache:<strong>&nbsp;&nbsp;\u00a9 Lebenshilfe f\u00fcr Menschen mit geistiger Behinderung Bremen e.V., Illustrator Stefan Albers<\/strong>.<\/p>\n\n\n\n<h5 class=\"wp-block-heading\">Haftung f\u00fcr Inhalte<\/h5>\n\n\n\n<p>Die Inhalte unserer Seiten wurden mit gr\u00f6\u00dfter Sorgfalt erstellt. F\u00fcr die Richtigkeit, Vollst\u00e4ndigkeit und Aktualit\u00e4t der Inhalte k\u00f6nnen wir jedoch keine Gew\u00e4hr \u00fcbernehmen.<\/p>\n\n\n\n<p>Als Diensteanbieter sind wir f\u00fcr eigene Inhalte auf diesen Seiten nach den allgemeinen Gesetzen verantwortlich, jedoch nicht verpflichtet, \u00fcbermittelte oder gespeicherte fremde Informationen zu \u00fcberwachen oder nach Umst\u00e4nden zu forschen, die auf eine rechtswidrige T\u00e4tigkeit hinweisen. Verpflichtungen zur Entfernung oder Sperrung der Nutzung von Informationen nach den allgemeinen Gesetzen bleiben hiervon unber\u00fchrt. Eine diesbez\u00fcgliche Haftung ist jedoch erst ab dem Zeitpunkt der Kenntnis einer konkreten Rechtsverletzung m\u00f6glich. Bei bekannt werden von entsprechenden Rechtsverletzungen werden wir diese Inhalte umgehend entfernen.<br><br>Hinweise und Korrekturen senden Sie bitte an <a href=\"mailto:info@teilhabedigital.de\">info@teilhabedigital.de<\/a>.<\/p>\n\n\n\n<h5 class=\"wp-block-heading\">Haftung f\u00fcr Links<\/h5>\n\n\n\n<p>Unser Angebot enth\u00e4lt Links zu externen Webseiten Dritter, auf deren Inhalte wir keinen Einfluss haben. Deshalb k\u00f6nnen wir f\u00fcr diese fremden Inhalte auch keine Gew\u00e4hr \u00fcbernehmen. F\u00fcr die Inhalte der verlinkten Seiten ist stets der jeweilige Anbieter oder Betreiber der Seiten verantwortlich. Die verlinkten Seiten wurden zum Zeitpunkt der Verlinkung auf m\u00f6gliche Rechtsverst\u00f6\u00dfe \u00fcberpr\u00fcft. Rechtswidrige Inhalte waren zum Zeitpunkt der Verlinkung nicht erkennbar. Eine permanente inhaltliche Kontrolle der verlinkten Seiten ist jedoch ohne konkrete Anhaltspunkte einer Rechtsverletzung nicht zumutbar. Bei Bekanntwerden von Rechtsverletzungen werden wir derartige Links umgehend entfernen.<\/p>\n\n\n\n<h5 class=\"wp-block-heading\">Urheberrecht<\/h5>\n\n\n\n<p>Die Betreiber der Seiten sind bem\u00fcht, stets die Urheberrechte anderer zu beachten bzw. auf selbst erstellte sowie lizenzfreie Werke zur\u00fcckzugreifen. Die durch die Seitenbetreiber erstellten Inhalte und Werke auf diesen Seiten unterliegen dem deutschen Urheberrecht. Beitr\u00e4ge Dritter sind als solche gekennzeichnet. Die Vervielf\u00e4ltigung, Bearbeitung, Verbreitung und jede Art der Verwertung au\u00dferhalb der Grenzen des Urheberrechtes bed\u00fcrfen der schriftlichen Zustimmung des jeweiligen Autors bzw. Erstellers. Downloads und Kopien dieser Seite sind nur f\u00fcr den privaten, nicht kommerziellen Gebrauch gestattet.<\/p>\n\n\n\n<h6 class=\"wp-block-heading\"><\/h6>\n\n\n\n<div style=\"height:100px\" aria-hidden=\"true\" class=\"wp-block-spacer\"><\/div>\n","protected":false},"excerpt":{"rendered":"<p>Herausgeber Anbieter dieser Internetpr\u00e4senz im Rechtssinne ist die Katholische Hochschule Freiburg gGmbH Sitz der Gesellschaft: Freiburg i.Br.Handelsregister: Amtsgericht Freiburg HRB 891Umsatzsteuer-Nr.: 06471\/6018 Vertreten durch die Gesch\u00e4ftsf\u00fchrung: Rektorin Prof. Dr. Stephanie Bohlen und Kanzler Martin Kraft Adresse Katholische Hochschule Freiburgstaatlich anerkannte HochschuleCatholic University of Applied Sciences FreiburgKarlstra\u00dfe 6379104 Freiburg Kontakt Prof. [&hellip;]<\/p>\n","protected":false},"author":8,"featured_media":589,"parent":0,"menu_order":0,"comment_status":"closed","ping_status":"closed","template":"","meta":{"footnotes":""},"class_list":["post-102","page","type-page","status-publish","has-post-thumbnail","hentry"],"_links":{"self":[{"href":"https:\/\/www.teilhabedigital.de\/index.php\/wp-json\/wp\/v2\/pages\/102","targetHints":{"allow":["GET"]}}],"collection":[{"href":"https:\/\/www.teilhabedigital.de\/index.php\/wp-json\/wp\/v2\/pages"}],"about":[{"href":"https:\/\/www.teilhabedigital.de\/index.php\/wp-json\/wp\/v2\/types\/page"}],"author":[{"embeddable":true,"href":"https:\/\/www.teilhabedigital.de\/index.php\/wp-json\/wp\/v2\/users\/8"}],"replies":[{"embeddable":true,"href":"https:\/\/www.teilhabedigital.de\/index.php\/wp-json\/wp\/v2\/comments?post=102"}],"version-history":[{"count":38,"href":"https:\/\/www.teilhabedigital.de\/index.php\/wp-json\/wp\/v2\/pages\/102\/revisions"}],"predecessor-version":[{"id":1698,"href":"https:\/\/www.teilhabedigital.de\/index.php\/wp-json\/wp\/v2\/pages\/102\/revisions\/1698"}],"wp:featuredmedia":[{"embeddable":true,"href":"https:\/\/www.teilhabedigital.de\/index.php\/wp-json\/wp\/v2\/media\/589"}],"wp:attachment":[{"href":"https:\/\/www.teilhabedigital.de\/index.php\/wp-json\/wp\/v2\/media?parent=102"}],"curies":[{"name":"wp","href":"https:\/\/api.w.org\/{rel}","templated":true}]}}

<h5 class="wp-block-heading">Herausgeber</h5>



<p>Anbieter dieser Internetpräsenz im Rechtssinne ist die </p>



<p>Katholische Hochschule Freiburg gGmbH</p>



<p>Sitz der Gesellschaft: Freiburg i.Br.<br>Handelsregister: Amtsgericht Freiburg HRB 891<br>Umsatzsteuer-Nr.: 06471/6018</p>



<p>Vertreten durch die Geschäftsführung:</p>



<p>Rektorin Prof. Dr. Stephanie Bohlen und Kanzler Martin Kraft</p>



<h5 class="wp-block-heading">Adresse</h5>



<p><strong>Katholische Hochschule Freiburg</strong><br>staatlich anerkannte Hochschule<br>Catholic University of Applied Sciences Freiburg<br>Karlstraße 63<br>79104 Freiburg</p>



<h5 class="wp-block-heading">Kontakt</h5>



<p>Prof. Dr. Gregor Renner</p>



<p><a href="mailto:info@teilhabedigital.de">info@teilhabedigital.de</a></p>



<h5 class="wp-block-heading">Fotos</h5>



<p>Die Urheberrechte aller auf dieser Website verwendeten Fotografien liegen &#8211; sofern nicht anders gekennzeichnet &#8211; bei der Katholischen Hochschule Freiburg (Prof. Dr. Gregor Renner, Prof. Dr. Florian Kiuppis, Laura Denise Löwe, Verena Wahl), der Hochschule Karlsruhe (Prof. Dr. Matthias Wölfel, Melinda Braun) und der Hochschule Furtwangen (Prof. Dr. Christophe Kunze, Christian Menschik).<br>Anfragen richten Sie bitte an <a href="mailto:info@teilhabedigital.de">info@teilhabedigital.de</a>.</p>



<p>Bilder auf den Internet-Seiten in Einfacher Sprache:<strong>&nbsp;&nbsp;© Lebenshilfe für Menschen mit geistiger Behinderung Bremen e.V., Illustrator Stefan Albers</strong>.</p>



<h5 class="wp-block-heading">Haftung für Inhalte</h5>



<p>Die Inhalte unserer Seiten wurden mit größter Sorgfalt erstellt. Für die Richtigkeit, Vollständigkeit und Aktualität der Inhalte können wir jedoch keine Gewähr übernehmen.</p>



<p>Als Diensteanbieter sind wir für eigene Inhalte auf diesen Seiten nach den allgemeinen Gesetzen verantwortlich, jedoch nicht verpflichtet, übermittelte oder gespeicherte fremde Informationen zu überwachen oder nach Umständen zu forschen, die auf eine rechtswidrige Tätigkeit hinweisen. Verpflichtungen zur Entfernung oder Sperrung der Nutzung von Informationen nach den allgemeinen Gesetzen bleiben hiervon unberührt. Eine diesbezügliche Haftung ist jedoch erst ab dem Zeitpunkt der Kenntnis einer konkreten Rechtsverletzung möglich. Bei bekannt werden von entsprechenden Rechtsverletzungen werden wir diese Inhalte umgehend entfernen.<br><br>Hinweise und Korrekturen senden Sie bitte an <a href="mailto:info@teilhabedigital.de">info@teilhabedigital.de</a>.</p>



<h5 class="wp-block-heading">Haftung für Links</h5>



<p>Unser Angebot enthält Links zu externen Webseiten Dritter, auf deren Inhalte wir keinen Einfluss haben. Deshalb können wir für diese fremden Inhalte auch keine Gewähr übernehmen. Für die Inhalte der verlinkten Seiten ist stets der jeweilige Anbieter oder Betreiber der Seiten verantwortlich. Die verlinkten Seiten wurden zum Zeitpunkt der Verlinkung auf mögliche Rechtsverstöße überprüft. Rechtswidrige Inhalte waren zum Zeitpunkt der Verlinkung nicht erkennbar. Eine permanente inhaltliche Kontrolle der verlinkten Seiten ist jedoch ohne konkrete Anhaltspunkte einer Rechtsverletzung nicht zumutbar. Bei Bekanntwerden von Rechtsverletzungen werden wir derartige Links umgehend entfernen.</p>



<h5 class="wp-block-heading">Urheberrecht</h5>



<p>Die Betreiber der Seiten sind bemüht, stets die Urheberrechte anderer zu beachten bzw. auf selbst erstellte sowie lizenzfreie Werke zurückzugreifen. Die durch die Seitenbetreiber erstellten Inhalte und Werke auf diesen Seiten unterliegen dem deutschen Urheberrecht. Beiträge Dritter sind als solche gekennzeichnet. Die Vervielfältigung, Bearbeitung, Verbreitung und jede Art der Verwertung außerhalb der Grenzen des Urheberrechtes bedürfen der schriftlichen Zustimmung des jeweiligen Autors bzw. Erstellers. Downloads und Kopien dieser Seite sind nur für den privaten, nicht kommerziellen Gebrauch gestattet.</p>



<h6 class="wp-block-heading"></h6>



<div style="height:100px" aria-hidden="true" class="wp-block-spacer"></div>

<p>Herausgeber Anbieter dieser Internetpräsenz im Rechtssinne ist die Katholische Hochschule Freiburg gGmbH Sitz der Gesellschaft: Freiburg i.Br.Handelsregister: Amtsgericht Freiburg HRB 891Umsatzsteuer-Nr.: 06471/6018 Vertreten durch die Geschäftsführung: Rektorin Prof. Dr. Stephanie Bohlen und Kanzler Martin Kraft Adresse Katholische Hochschule Freiburgstaatlich anerkannte HochschuleCatholic University of Applied Sciences FreiburgKarlstraße 6379104 Freiburg Kontakt Prof. [&hellip;]</p>
